r when x is divided by m?
1
Suppose -44*x + 11*x + 2805 = 0. Calculate the remainder when 179 is divided by x.
9
Let h(x) = 3*x + 9. Let i be h(-3). Suppose 0 = c - 11 - i. Suppose 2*w - 33 = c. What is the remainder when 64 is divided by w?
20
Suppose 9*v - 12*v + 2*a + 51 = 0, v + a = 22. What is the remainder when v is divided by 14?
5
Let a(j) = -4*j**3 + 3*j**2 + 6*j + 3. What is the remainder when 53 is divided by a(-2)?
18
Let z(s) = -2*s + 57. Let q be z(26). Let y(t) = 2*t**3 - 8*t**2 - 3*t. What is the remainder when y(q) is divided by 19?
16
Let p(g) = 2*g**2 + 24*g - 5. Calculate the remainder when 437 is divided by p(-13).
17
Suppose 3*z + 2*m = 11 + 2, -11 = -3*z - 4*m. Let u = -70 - -28. Let o = -30 - u. Calculate the remainder when o is divided by z.
2
Let c = -1917 - -1941. What is the remainder when 60 is divided by c?
12
Let f be 2/2 - (-8)/4. Suppose -3 = c + 4*d - 23, -f*c - 5*d = -39. Suppose 79*t - 90*t + 253 = 0. What is the remainder when t is divided by c?
7
Suppose -3*j = 4*s + 254, -486 = 4*j - 5*s - 106. Let i = -3 - j. Calculate the remainder when i is divided by 11.
10
Let p(y) = y**3 - y**2 + 5*y - 2. Let n be p(2). Let h = n + -9. Let g = 35 - h. Calculate the remainder when g is divided by 17.
15
Suppose 5*a - 1184 = -3*a. Suppose 0 = 143*f - a*f + 135. What is the remainder when f is divided by 20?
7
Suppose 3*y = -12, 5*i - y + 3*y - 52 = 0. Calculate the remainder when 20 is divided by i.
8
What is the remainder when (14/(-35))/((-1)/(365/2)) is divided by 25?
23
Let w(g) = g**3 - 6*g**2 + 60*g - 354. Let y(c) = -c**3 + 6*c**2 - 5*c + 5. Let n be y(5). What is the remainder when (n/(-2) + 2)*-22 is divided by w(6)?
5
Let c = 121 + 99. Let j = -131 + c. What is the remainder when j is divided by 15?
14
What is the remainder when 83 is divided by (-1)/(1/14)*-1?
13
Let x(j) be the first derivative of -13*j**2/2 - j - 2. Calculate the remainder when x(-2) is divided by (-8 - (-19 - -8))*(8 + -5).
7
Suppose -2*w + 63 = 3*s, -5*s + 2*w + 110 = 5. Let y(t) = t**2 - 206*t - 3709. Calculate the remainder when y(-17) is divided by s.
19
Suppose o - 4*z = 7, 4*o - 50 = 3*z + 4. What is the remainder when 98 is divided by o?
8
Let q(l) = l**3 - 5*l**2 + 7*l - 10. Suppose -8*p = -28 - 12. Let f = -76 - -150. Calculate the remainder when f is divided by q(p).
24
Let a be 186/24 - 3/4. Let h(t) = t**3 - 23*t - 9. What is the remainder when h(a) is divided by 58?
57
Let x = -222 - -246. Calculate the remainder when 64 is divided by x.
16
Let u = -824 + 1420. Calculate the remainder when u is divided by 23.
21
Suppose -o = -0*o, 5*r = -o + 120. Calculate the remainder when 49 is divided by (-1)/(-1) - r/(1 + -3).
10
Let n(o) = o**3 + 3*o**2 - 39*o + 11. Let t be (-6)/(-4)*-2 - 1. Let c(h) = -h**3 + h**2 + 4*h - 3. Calculate the remainder when c(t) is divided by n(5).
13
Let u(o) = 7*o + 1 + 0 + 3. Calculate the remainder when 8 is divided by u(0).
0
Let p(r) = -r + 16. Let m = -34 + 41. What is the remainder when p(5) is divided by m?
4
Suppose -16*r + 20*r = p + 943, p + 235 = r. What is the remainder when r is divided by 35?
26
What is the remainder when 84 is divided by 20*1 - (-7)/(56/(-40))?
9
Suppose -4*d = 5*o - 31, -5*d + 30 = 13*o - 8*o. What is the remainder when 128 is divided by o?
2
Let w = -137 + 85. Let c = 169 - 75. Let x = c + w. Calculate the remainder when x is divided by 11.
9
Suppose 100 = 6*k + 34. Let r(y) = -y**3 + 12*y**2 - 10*y + 11. Calculate the remainder when 39 is divided by r(k).
17
Suppose -4*s + 92 = 4*p, -4*s + 2*p + 59 = -39. Calculate the remainder when 185 is divided by s.
17
Suppose 47*b = -16*b + 20349. What is the remainder when b is divided by 47?
41
Let l = 50 - 59. Calculate the remainder when 77 is divided by ((-27)/(-18))/(l/(-156)).
25
Suppose -9*c + 209 = -61. Calculate the remainder when 234 is divided by c.
24
Suppose 0 = 8*k - 1421 - 2595. Calculate the remainder when k is divided by 72.
70
Let x = 71 - 68. Suppose 9*f - 234 = x*f. What is the remainder when 153 is divided by f?
36
Let l(i) = 3*i**2 - 8*i + 5. Let u be l(6). Let h = 78 - u. Calculate the remainder when h is divided by 7.
6
Suppose 32*n + 45*n - 182490 = 0. What is the remainder when n is divided by 21?
18
What is the remainder when 206 - (-9 + (-2 - -5)) is divided by 29?
9
Let f(z) = z**3 + z**2 + z - 1. Let q(i) = -6*i**3 - 5*i**2 - 3*i + 12. Let h(a) = 5*f(a) + q(a). Calculate the remainder when h(0) is divided by 2.
1
Let o = -260 - -295. What is the remainder when o is divided by 27?
8
Let a(y) = y**3 - 11*y**2 - 10*y - 6. Let z be a(12). What is the remainder when (-414)/(-10) + z/(-45) is divided by (-7)/((-84)/135) + 1/(-4)?
8
Let p(g) = -g**3 - 9*g**2 + 11*g + 11. Let n be p(-10). Suppose -7 - n = h. Calculate the remainder when 105 is divided by (-9)/((-36)/h) + 29.
24
Let l(b) = -b**3 - 7*b**2 - 18*b - 8. What is the remainder when 158 is divided by l(-4)?
14
Let u = -308 - -329. Calculate the remainder when 40 is divided by u.
19
Suppose -7*v + 301 + 504 = 0. Calculate the remainder when v is divided by 39.
37
What is the remainder when 17 is divided by (-7)/14 + 7/(-2) + 7?
2
Let p(z) = 907*z**2 - 36*z - 34. Calculate the remainder when p(-1) is divided by 38.
35
Let o = -323 + 330. Calculate the remainder when 13 is divided by o.
6
Suppose -2*m + 5 = 3*a, -3*m + 9 = -0*a + 3*a. What is the remainder when 76 + 3 - (2 - (a + 6)) is divided by 44?
38
Suppose -374 = -4*k - 5*j + 6*j, -3*k - 4*j + 271 = 0. Suppose 0*v + 99 = 4*l + 3*v, k = 3*l - 4*v. Calculate the remainder when 78 is divided by l.
24
Suppose 0 = -3*j - 2*m + 10, 2*m = -0*j - 2*j + 6. Calculate the remainder when (2*(-38)/4)/(3 - j) is divided by 14.
5
Suppose 34*b = 3*l + 37*b - 282, -5*l + 502 = -3*b. What is the remainder when l is divided by 22?
10
Suppose -4*i = 2*j, j + i = -3 + 2. Suppose -4*s = 6 - 194. What is the remainder when s is divided by j*18*(-2)/6?
11
Let t(u) = u**3 + u**2 + u - 1. Let a be t(0). Calculate the remainder when 77 is divided by 3/(2 - -1) + (-19)/a.
17
Suppose 3*l = -8*l + 748. Calculate the remainder when 269 is divided by l.
65
Let k = 979 + -869. What is the remainder when k is divided by 104?
6
Let a = -4 + 11. Let g(k) = -6*k - a - 4*k + 15*k. Calculate the remainder when 22 is divided by g(3).
6
Calculate the remainder when 10 - (-7 + 21) - (-55 + 4) is divided by 27.
20
Suppose 0 = -3*y - 6, q - 7 = y - 0. Suppose 2*x - 31 = -5*h, q*x - 3*h - 64 = -2*h. Calculate the remainder when 25 is divided by x.
12
Let q(s) = 4*s - 5. Calculate the remainder when 1 + 200/(-4 - -9) is divided by q(4).
8
Suppose -627 = -110*z + 77*z. Suppose -817 + 157 = -5*f. What is the remainder when f is divided by z?
18
Let f be (95/(-4))/(3/12). Let j = f - -136. What is the remainder when j is divided by ((-11)/2)/((-1)/2)?
8
Let v(s) = s**3 + 10*s**2 + 2*s - 13. Let z = -15 + 6. Let k be v(z). Suppose 4*c = -14 + k. Calculate the remainder when c is divided by 5.
4
Let p(z) = 7*z**2 + z - 5. Let a = -26 - -23. What is the remainder when p(a) is divided by 29?
26
Suppose -5*h = -27*h + 1320. What is the remainder when h is divided by 32?
28
Suppose -5*w + 336 = 23*w. What is the remainder when 81 is divided by w?
9
Let b = -6 + 11. Suppose -2*y + 14*o = 17*o + 1, 2*y + o - 9 = 0. What is the remainder when y is divided by b?
2
Let f = -2173 - -2188. What is the remainder when ((-163)/1)/(1 - 2) is divided by f?
13
Let p = 111 + -79. Let q(w) = w**3 + 6*w**2 - 9*w - 9. What is the remainder when p is divided by q(-7)?
2
Let i = -27 + 25. What is the remainder when 21 is divided by 10 + -7 - 16/i?
10
Suppose 17*n = -9*n + 17914. Calculate the remainder when n is divided by 63.
59
Suppose -4*s + 495 = -p, -s + 266*p - 271*p + 108 = 0. Calculate the remainder when 357 is divided by s.
111
Let b be 12/15 - (-48)/15. Suppose 8 = t - b*a, 2*a + 17 = t + a. Calculate the remainder when t is divided by 11.
9
Suppose -4*v + 110 = -2*n + 4*n, 0 = -4*v - 4*n + 120. What is the remainder when 99 is divided by v?
24
Suppose 0 = -3*z + 9, -3*x + 5*x = -2*z + 300. What is the remainder when x is divided by 34?
11
Let n = 212 + -177. Suppose 0 = r - 5*c - 30, c = 1 + 3. Suppose r = 3*h + g, -4*g - 17 = -3*h + 53. Calculate the